git of z?
9
Let y be (5 + 1)*2/6. Suppose y = -2*x + n + 3, 5*x + 2*n - 16 = 0. What is the units digit of 69/9*(x - -1)?
3
Suppose 71 = 2*y + 3*f, 5*y + 5*f = -0*f + 175. Let j = y - 28. What is the units digit of j?
6
Suppose 4*q = -q + 10. Suppose 20 = 5*p, -q*w = w + 5*p + 10. What is the tens digit of (-8 + 2)*w/2?
3
Suppose -42*a - 18 = -36*a. What is the tens digit of -1 - (a + (-304)/2)?
5
Suppose -8862 = 4*c - 10*c. Let h = 776 - c. What is the units digit of (-28)/(-266) + h/(-19)?
7
Suppose f + 194 = -f. Let l = 195 + f. Suppose -2*a = 7*m - 3*m - 58, -4*a + m + l = 0. What is the tens digit of a?
2
Suppose 7*i + 71 + 188 = 0. Let c = -14 - i. What is the units digit of c?
3
Let z = -11 - -2398. What is the thousands digit of z?
2
Let n = 8500 + -4068. What is the hundreds digit of n?
4
Suppose 19*h - 24*h + 5 = 0. What is the hundreds digit of (5/2)/h*1070/25?
1
Suppose -o = 3*z - 7*z - 678, -5*z - 2034 = -3*o. What is the units digit of o?
8
Suppose 2*a + 23 = 6*a + 5*y, 3*a - 15 = -3*y. Suppose -r + 2 = 2*c + 3*r, 0 = -2*c + 4*r + a. Let k(m) = 45*m - 1. What is the tens digit of k(c)?
4
Let g(m) = -2*m**2 + 65*m - 18. What is the tens digit of g(19)?
9
Suppose p - 5*p = 0. Let d = 19 + -11. What is the tens digit of (d - 8) + (30 - p)?
3
What is the tens digit of (-1 + -1)/(16/(-2144))?
6
Let q be (-28)/210 + (-1354)/(-30). Suppose 5*s - 10 = q. What is the units digit of s?
1
Let i = -86 - -78. Let s(m) = -m**3 - 7*m**2 - 7*m - 2. Let o be s(-6). What is the tens digit of o/16 - 142/i?
1
Let l be ((-16)/(-5))/(5/(-25)) + 1. Let b be -2 + (3 - 2 - -23). Let t = l + b. What is the units digit of t?
7
Suppose 13682 = 35*k - 12218. What is the hundreds digit of k?
7
What is the hundreds digit of (-3 - (-35)/15)/(1/(-636))?
4
Let t = 2043 + -1251. What is the units digit of t?
2
Suppose 177 = -4*k + 5*o, -2*k - o - 87 = -4*o. Let l(n) = -18*n + 10. Let t be l(5). Let u = k - t. What is the units digit of u?
2
Let j(r) = 9*r**2 - 10*r + 30. What is the tens digit of j(4)?
3
Let r(h) = -h**2 - 7*h + 4. Let n be r(-8). Let g = 5 + n. What is the tens digit of (-28)/g*4/(-4)?
2
What is the hundreds digit of ((-64)/1 + 6)*-2?
1
Suppose 1051 = 5*i + 2*y, -2*i - 432 = -4*i + 5*y. Suppose -4*j + 181 = -i. What is the units digit of j?
8
Let v(x) be the third derivative of x**4/24 + 53*x**3/6 - 14*x**2. What is the units digit of v(0)?
3
Suppose 5*d + 95 = 2*z, -z + 8*d - 4*d + 55 = 0. What is the tens digit of z?
3
Let k(b) = b**3 - 16*b**2 + 4*b - 10. Let v(i) = 6*i - 8. Let s be v(4). Let h be k(s). What is the tens digit of h*4*4/48?
1
Let a = -165 - -165. Suppose 2*w - 2*z - 446 = -a*z, 3*z = w - 233. What is the units digit of w?
8
Let r(w) = 32*w + 1. What is the tens digit of r(7)?
2
Suppose 3*t + 20 = m - 54, 5*t = -m + 106. Suppose 2*c + m = 4*c. What is the units digit of c?
3
What is the hundreds digit of (11 - 13)*(-3633)/6?
2
What is the tens digit of -11*((-6)/((-6)/(-17)) - -1)?
7
Let b(f) = -4*f - 23. Let r be b(-8). Suppose r*s + s - 760 = 0. What is the units digit of s?
6
Let a(n) = -n**2 + 10*n - 1. Let l be a(8). Let p be ((-105)/(-84))/(((-1)/(-4))/1). Let k = l - p. What is the units digit of k?
0
Let p = 57 + -15. Let g = 86 - p. Suppose 43 = 3*d - g. What is the tens digit of d?
2
Suppose -4*p - 5*s = -189, -5*p + 2*p - 3*s = -141. What is the tens digit of p?
4
Let h(m) = -m**2 + 11*m - 8. Let d(i) = i**3 - 2*i**2 - i + 2. Let j be d(2). Suppose -2*x - y = -j*y - 16, -5*y - 1 = x. What is the units digit of h(x)?
0
What is the tens digit of 3958*1/15 - (-54)/405?
6
Let j = -76 - -132. Suppose -j = -3*a + 1. Suppose 0 = -n - 6*o + o, -o = 4*n - a. What is the units digit of n?
5
Let g = -37 + 42. Suppose g*x - 240 = -5*f, 0*x = 5*f + x - 260. What is the tens digit of f?
5
Let n = -32 + 54. Suppose -n = 5*v - 7. Let b(h) = h**2 - 2*h - 1. What is the units digit of b(v)?
4
Let q(i) = -245*i + 19. What is the tens digit of q(-2)?
0
Let o = -38 - -113. Suppose y = -4*d - 10, 3*y = -0*y - 2*d. Suppose -y*r - o = -7*r. What is the units digit of r?
5
Suppose 1562 = -268*f + 270*f. What is the tens digit of f?
8
Let y(q) = -q**2 - 12*q + 8. Let t be y(-10). Suppose 27*h = t*h - 76. What is the units digit of h?
6
Suppose -3 = -2*h - 9. Let w(a) = 3*a - 3. Let f(r) = -r**2. Let c(p) = -3*f(p) + w(p). What is the units digit of c(h)?
5
Let a(i) = i**2 + 22*i + 304. What is the tens digit of a(-55)?
1
Suppose 4828 = -6*t + 10*t + 2*i, 4*t = 2*i + 4820. What is the thousands digit of t?
1
Suppose -3*o + 3*a = 0, 2*a + 0*a - 8 = 0. Suppose -o*y - 62 = 46. Let n = y - -38. What is the tens digit of n?
1
What is the units digit of (138 - (0/3 - 1))*1?
9
Let d be (8 - -2)/(5/70). Let i = d - 88. What is the tens digit of i?
5
Let z(c) = 28*c + 22 - 15*c - 4. What is the tens digit of z(10)?
4
Let v = 26 + -16. Let u(m) = -3*m**2 + 94*m - 12. Let w be u(31). Let t = w - v. What is the units digit of t?
9
Suppose v - 2*u + 13 = -5, -3*u = 4*v + 39. Let p = v - -76. What is the tens digit of p?
6
Let a(i) = 9*i + 10. Let u be a(2). Let m(w) = -w - 3. Let r be m(-6). Suppose -v = -u + r. What is the tens digit of v?
2
Let a be ((-2)/2)/1 - -2. What is the units digit of 121 - (-1 - a - (13 - 15))?
1
Suppose 3*w - 3 = 0, -w + 0*w = z - 35. Suppose 0*o - z = o. What is the units digit of 3/(-2) + o/(-4)?
7
Let m = -40 - -40. Suppose 560 = -m*r + 2*r. What is the tens digit of r?
8
What is the hundreds digit of 15/2*152/10?
1
Let z(k) = -k**3 + 7*k**2 + 12*k - 7. Let y(d) = d**2 + 2. Let h be y(0). Let l be (-1)/((-3)/48*h). What is the tens digit of z(l)?
2
Suppose 3*c + 0*c = -87. Let i(z) = 3*z**3 - 15*z**2 - 12*z + 10. Let a be i(6). Let u = c + a. What is the units digit of u?
7
Let d = -55 - -62. Suppose 150 = 9*v - d*v. What is the tens digit of v?
7
Let d(u) = -12*u**2 + 4*u**3 + 3*u**2 + 12 - 3*u**3 - u. Let q be d(9). Suppose -3 = q*g - 51. What is the tens digit of g?
1
What is the tens digit of (10*1063)/2 - (-20 - -17)?
1
Let x(r) = -8*r. Let s = 11 + -36. What is the hundreds digit of x(s)?
2
What is the hundreds digit of (-5)/1 + (-17 - -565)?
5
Let s(r) = -2*r**2 - 2*r + 1. Let f be s(2). Let m(z) = -7 - 11*z**2 + 3*z**2 + 9*z**2 + 2*z + 8*z. What is the units digit of m(f)?
4
Let o = -1826 + 2732. Suppose -4*g + 3*u = 5*u - o, 0 = -g + 3*u + 244. What is the tens digit of g?
2
What is the units digit of 7/(14/(-116))*(-424)/16?
7
Suppose -2*r + 3*d = 435, -3*r - d - d - 620 = 0. Suppose -26 = 3*i - 8. What is the units digit of (8/i)/(20/r)?
4
Let l = 20 - 13. Suppose 7*k + k + 16 = 0. Let z = k + l. What is the units digit of z?
5
Let d(v) = -7*v - 4. Suppose -3*x - 15 = -0*x. What is the units digit of d(x)?
1
Suppose -12 + 2 = -2*a. Let j be (-5)/a - (-1 - 2). Suppose j*u = 21 - 1. What is the tens digit of u?
1
Let u = 20 - 15. Suppose -u*r + 12 = -2*r. Suppose r + 5 = t. What is the units digit of t?
9
Suppose l - 833 = 3*g, -1 = 4*g + 7. What is the units digit of l?
7
Suppose -f + 0*f = -2073. Suppose -10*s - 163 + f = 0. What is the tens digit of s?
9
Let i = 22 - -132. Let n = i - 98. What is the units digit of n?
6
Let w be 0 + 73 - (0 - -3 - 2). Let b = -69 + w. What is the units digit of b?
3
Let u = 1235 + -331. What is the units digit of u?
4
Let w = -5589 - -9928. What is the units digit of w?
9
Let g = -1 + -27. Let r(f) = 60*f**3 + 1. Let l be r(-1). Let b = g - l. What is the tens digit of b?
3
Let d = 13 + -5. Suppose -5*a = -4 + 34. Let b = a + d. What is the units digit of b?
2
Let t = 304 + -104. Suppose 5*k = -5*r + t, 89 = 4*r - 2*r - k. What is the tens digit of r?
4
Let q(c) = 24*c**2 - 15*c + 60. What is the hundreds digit of q(5)?
5
Let x = 370 + -263. What is the tens digit of 2/4*x - 1/2?
5
Let p(c) be the third derivative of c**4/2 - 4*c**3/3 + 6*c**2. Let i be p(7). Let l = i + -9. What is the tens digit of l?
6
Suppose 9*h + 425 = -70. Let d = 134 + h. What is the units digit of d?
9
Let n(u) = -u - 1. Let f(p) = -19*p - p**3 - 27 + 4 - p**3 + p**3 - 11*p**2. Let h(s) = f(s) - 3*n(s). What is the units digit of h(-10)?
0
Let f = -365 + 763. What is the units digit of f?
8
Suppose -3*m - p + 68 = 0, -p - 20 = -5*p. Suppose -4*g = m + 3. What is the units digit of (g + 14)/(5 - 3)?
4